 130 = -k. Suppose -m - 24 = -5*h. Let b be 7/2*h/(-6 + 1). Calculate f(b).
-6
Let t(d) be the second derivative of -d**4/6 - 5*d**3/6 - 4*d**2 + 75*d - 2. Let j(p) = -p**2. Let g(u) = -3*j(u) + t(u). Calculate g(8).
16
Let h(s) = 187*s - 388*s + 202*s - 9. Give h(-15).
-24
Suppose -4*j - 24 + 4 = -4*t, 0 = -2*t + 4*j + 2. Let c(x) = t*x - 2*x - 1 + 3 - 6*x. Suppose -5*f + 7 = -6*f. What is c(f)?
-5
Suppose 2*d = 3*d. Suppose d*g = 2*g - 42. Let b(a) = g + 18 - 2*a - 38. Calculate b(2).
-3
Suppose -110*g = -119*g + 63. Suppose -3*z - 44 = -5*s + g*s, 3*z - 3*s + 24 = 0. Let k(c) = -c**2 - 14*c - 8. Calculate k(z).
16
Suppose 4*v + 3*w = 70, -v + 2*w + 76 = 4*v. Suppose -5*f + f - v = 0, 4*h - 28 = 4*f. Let b(c) = h*c - c**3 + 2*c - 2 + 8*c**2 - 9*c + 0*c. Determine b(7).
19
Let y be 84/(-70)*15/2. Let k(t) be the first derivative of t**2/2 + 4*t - 9. Determine k(y).
-5
Let d be 15 + 29 + (-13 - -1). Let s(a) = -14*a + 448. Determine s(d).
0
Let i(m) = 12*m - 5 - 5*m - 2*m - 2*m**2. Let l be i(3). Let t(c) = c**3 + 8*c**2 + c - 4. Determine t(l).
-12
Let a(x) = -3*x**3 - 2*x + 2. Let u(j) = -2*j**2 - 24*j + 1. Suppose 26 = -7*i - 58. Let w be u(i). What is a(w)?
-3
Let g be 4/2 + 2/1. Let k(t) be the first derivative of t**3/3 - 3*t**2 + 5*t - 566. What is k(g)?
-3
Let y be ((-70)/28 - -1)/(1/(-10)). Let p(g) = -3*g + 65. What is p(y)?
20
Let c(j) be the first derivative of j**2 - 10*j + 2. Let y(p) = p**2 + 3*p - 34. Let g be y(-8). Suppose 4*w - 70 = -g*w. Give c(w).
4
Let c(d) = d**3 + d + 1. Suppose -3*h - 4*k + 15 = -3*k, 4*h - 5*k - 20 = 0. Suppose 3*l + 0*l - g = -10, -h*l - 4*g = -6. Determine c(l).
-9
Let n be 22/4*(10 - (23 - 11)). Let u(v) = 2*v + 11. What is u(n)?
-11
Suppose -5*b - 23 + 60 = 3*n, 4*n + 2*b = 68. Let o(a) = 23*a - 10 + n*a - 43*a. Determine o(8).
-18
Let b(j) = j + 15 + 8 + 7 - 42 + 15. Let p = -18 + 10. Let z be 2 - p/(-2) - 1. What is b(z)?
0
Let j(x) = 8*x - 26. Let z be j(-5). Let d = z - -72. Let p(o) = -o + 1. Determine p(d).
-5
Suppose 8*i + 84 = 132. Suppose -5*v + 1 = -i*v. Let y(q) = 28*q**2 + q + 1. Give y(v).
28
Let m(x) = -x**3 - 3748315*x**2 + 3748326*x**2 + 7*x + 27 + 3*x. What is m(12)?
3
Let y = -453 - -456. Suppose d + 20 = 2*z - 3*d, y*z = -d + 2. Let w(t) = 5*t**2 + 3*t - 1. What is w(z)?
25
Let x(f) be the first derivative of 2*f**3/3 + 7*f**2/2 + 14*f + 167. What is x(-3)?
11
Let m be (-15 + 14)*(-9 + 4). Let x(q) = 15*q - 6. Give x(m).
69
Let c(f) be the third derivative of 11*f**6/120 + f**5/60 - f**4/24 - f**3/6 + 2420*f**2. Let v = -2 + 5. Suppose -v + 4 = -j. Calculate c(j).
-10
Let x(h) = -h**3 - 7*h**2 - 6*h - 8. Let p be 1/(5/(-30)*1). Determine x(p).
-8
Let t(l) = 22*l - 2*l**2 - 108*l + 16*l + 247 + 29*l + 31*l. Calculate t(9).
-5
Let w(v) = v + 3. Let b be w(-6). Let d(g) = 263*g**2 + 264*g**2 - 1055*g**2 + 7*g + 266*g**2 + 2 + 264*g**2. Give d(b).
-1
Let i be (15/(-10))/((-6)/12). Let n(m) = i - 155*m + m**2 + 78*m + 79*m. Determine n(-2).
3
Let f be ((-1)/2)/((-2)/(-8)) + -4. Let a be 2/f - 0 - 68/(-6). Suppose 27 = 3*n + 4*o, 2*o - 15 = -4*n + a. Let j(d) = d**2 - 3*d. Give j(n).
10
Let n(z) = 130*z**2 + 84*z - 8. Let a(m) = -32*m**2 - 20*m + 2. Let c(v) = -25*a(v) - 6*n(v). Give c(-1).
22
Let f(g) be the second derivative of -4*g**2 + 1/20*g**5 - 162*g + 0 - 7/3*g**3 + g**4. What is f(-13)?
5
Let x(r) be the third derivative of 0*r + 5/6*r**3 + 1/8*r**4 - 1/10*r**5 + 0 - r**2 + 1/120*r**6. Suppose -4*w + 2*o - 640 = -668, 4*w + 14 = -5*o. Give x(w).
-15
Let s(c) = -56*c - 238. Let k(n) = 71*n + 302. Let o(m) = 11*k(m) + 14*s(m). Suppose h + 1 = -4. Let y = -2 + h. What is o(y)?
11
Suppose 0 = 3*m - 4*m + 3. Let o(f) be the first derivative of f**4/4 - 4*f**3/3 - f**2/2 - f + 275562. Calculate o(m).
-13
Let s(c) = 2*c + 34. Let o(l) = 3*l + 34. Let k(x) = 7*o(x) - 6*s(x). Let g(w) = 10*w + 37. Let y(b) = 5*g(b) - 6*k(b). Determine y(-8).
13
Let n(p) be the second derivative of 5*p**4/24 + p**3/2 + 129*p**2/2 + 145*p. Let h(t) be the first derivative of n(t). What is h(5)?
28
Let d(y) = -8*y**3 - 2*y**2 - y. Let o be 2/(-4)*(-58)/(-29). Determine d(o).
7
Suppose 0 - 5 = -o. Let d = 1 + o. Let a(h) = 7*h**2 - 8*h + 15. Let b(c) = -3*c**2 + 4*c - 5. Let m(v) = 2*a(v) + 5*b(v). Determine m(d).
-7
Let a be (4/(-6))/(3/(-18)). Let o be 0/(2 - (-1)/(-1)). Let n(g) = 18 + o*g - g - 14. Give n(a).
0
Let l(z) = 7*z + 3. Suppose 3*d = -s - 11 + 28, -3*d - 3*s + 27 = 0. Suppose -d*y + 36 = 5*y. What is l(y)?
31
Let n(s) = -7*s - 2 + 1904*s**2 + 1899*s**2 - 3804*s**2. Give n(-3).
10
Let j(n) be the third derivative of -n**4/6 + n**3/3 - 2*n**2 - 12. Suppose -4*r - 5*g = -2, -4*g + 1 + 3 = 4*r. Determine j(r).
-10
Let k(u) be the third derivative of u**5/60 + 7*u**4/24 + u**3/2 - 6*u**2 - u. Let a = 20 + 5. Let h = 18 - a. Calculate k(h).
3
Let k(x) = -156*x**2 + 11*x - 11. Let r(a) = -85*a**2 + 6*a - 5. Let d(n) = -6*k(n) + 11*r(n). Determine d(-4).
27
Let k(f) = -73*f + 688. Let l(g) = -30*g + 276. Let o(a) = 5*k(a) - 12*l(a). Calculate o(27).
-7
Let g(r) = 654 - 659 + 0*r**2 + 3*r - r**2. Determine g(4).
-9
Let a(g) = g + 5. Let h(x) be the third derivative of x**4/8 - 11*x**3/6 + 16*x**2. Let v(t) = -t + 4. Let n(o) = 4*h(o) + 11*v(o). Let l be n(0). Give a(l).
5
Let y(h) = -6*h**2. Suppose 0 = -2*j + 2*i - 2, 3*i - i - 12 = 4*j. Let l(o) = o**2 + 4*o - 6. Let d be l(j). Determine y(d).
-6
Suppose 335*g - 328*g - 56 = 0. Let o(z) = -2*z**2 + 12*z + z**2 - g*z - 3*z + 9*z - 6. What is o(5)?
19
Let g(w) = w - 103. Let i(u) = -3*u + 293. Let o(x) = -14*g(x) - 5*i(x). Determine o(8).
-15
Let m(a) = -a**3 + 9*a**2 - 13. Let x(q) = 35*q + 709. Let b be x(-20). What is m(b)?
-13
Suppose -34*v + 219 = 376 - 134 - 193. Let a(l) be the second derivative of 4*l**3/3 - 2*l**2 - l. Determine a(v).
36
Let k(b) = -b**3 + 3*b - 5. Let u be k(2). Let d(y) = 55*y**3 + 2*y**2 + 6*y + 9. Let f(r) = -64*r**3 - r**2 - 6*r - 10. Let i(n) = 7*d(n) + 6*f(n). Give i(u).
10
Let v(c) = c**3 - 31*c**2 + 22*c + 91. Let k(p) = 3*p**3 - 94*p**2 + 68*p + 272. Let h(y) = 6*k(y) - 17*v(y). Calculate h(36).
13
Let b(m) = -11*m**2 - m. Let u(y) = -29*y + 637. Let n be u(22). Determine b(n).
-10
Let s(j) be the third derivative of -1/120*j**6 - 1/60*j**5 - 1/2*j**3 - 1/12*j**4 + 2*j**2 + 0*j + 0. Let o = -1 - 1. What is s(o)?
5
Let f(j) = j**2 + 14. Suppose -4*t = 4*m - 240 + 620, -t = 3*m + 293. Let c = 99 + m. Give f(c).
14
Let p(i) = i**3 - 6*i**2 + 9*i - 1. Let q be p(4). Let s(r) = 24 + r**2 + r**3 - 2*r + 0*r**q + 4*r**2 - 22. Give s(-5).
12
Let h(r) = -r**2 - r + 4. Let q(a) = 3*a**2 + 382*a - 382. Let j be q(1). What is h(j)?
-8
Let a(t) = 256*t - 16390. Let h be a(64). Let s(d) = 2*d**2 + 11*d - 16. Determine s(h).
-10
Let q(a) = -a**3 + 2*a**2 - a - 3. Let r(p) = -2*p**2 + 23*p - 13. Let b be r(10). Suppose -b - 25 = -14*f. Calculate q(f).
-15
Let k(g) = 5*g + 22. Suppose d = 3*v + 6, -20*v + 6*v = 0. Calculate k(d).
52
Let q(l) = -40*l - 1762. Let h be q(-44). Let f(r) = -r**2 + r + 11. What is f(h)?
5
Suppose k = 5*k. Suppose k = 2*a - q + 4*q - 17, 4*q - 8 = a. Let n(v) = -2*v - 1. Determine n(a).
-9
Let k(c) = c. Let w = -307 - -306. Let f be (-2)/(-8) + 34*w/8. Determine k(f).
-4
Let o(r) = -11*r + 2. Let a(g) = -g + 1. Let s(z) = 3*a(z) - o(z). Let k be (-12)/10*35/14. Let w be ((-1)/k)/((-3)/9). Determine s(w).
-7
Let c(j) = j**3 - 7*j**2 + j + 1. Let t(h) = 6*h**3 - 37*h**2 - 8*h + 7. Let k(p) = -5*c(p) + t(p). What is k(6)?
68
Let w(u) be the first derivative of -u**7/840 - 13*u**6/360 - u**5/10 - 7*u**4/24 + 22*u**3 + 36. Let a(x) be the third derivative of w(x). Give a(-12).
-7
Let i = -1 - 2. Let l(n) = n**2 + 9*n + 13. Let u be l(-8). Let b(t) = -u*t + 4 + 3308*t**2 - 8 - 3309*t**2. Give b(i).
2
Suppose -12597*w - 420 = -12555*w. Let t(z) = -3*z**3 - 50*z**2 - 27*z - 11. Let l(d) = d**3 + 17*d**2 + 9*d + 4. Let y(q) = -17*l(q) - 6*t(q). Calculate y(w).
8
Let n(i) = 5 - 1 + 3*i + 3*i**2 - 8*i. Suppose -999*x = -985*x - 28. Let q be n(x). Let k(j) = -j**2 + 5*j + 1. Calculate k(q).
-5
Let b(n) = -8*n + 18. Let m(o) = 2*o**3 - 194*o**2 + 197*o - 476. Let d be m(96). Determine b(d).
-14
Let h(s) = 1 - 4*s**2 - 3*s + 3*s**2 + 0*s**2. Let m be 6*7/(-21) + -334. Let c = -334 - m. Give h(c).
-9
Let o(b) = 33